Suppose a = -2*s + 28 + 84. What is the highest common divisor of s and 7?
7
Let i(d) = 2*d**2 - 5*d. Let x be i(8). Let r = 0 - -8. What is the greatest common factor of r and x?
8
Suppose 0 = -2*y + g + 9, 4*y - 16 = g + 1. What is the greatest common factor of y and 28?
4
Let y(m) = -m**3 + 3*m**2 + 6*m - 6. Let w be y(4). Let v be w + (-6)/3*-4. What is the highest common divisor of v and 1?
1
Suppose -3*a = 3*p - p - 152, -2*a + 3*p = -110. What is the greatest common factor of 52 and a?
52
Suppose -3*u = -8*u + 5*s - 495, 2*u = -3*s - 178. Let j = u - -133. Let g be (j - 2) + 0 + -1. What is the greatest common factor of g and 14?
7
Let i be 2/11 - 3*456/(-99). Let p = 2 - 0. Calculate the highest common divisor of i and p.
2
Suppose -4*u + 4*w = -0*w + 228, w - 3 = 0. Let t = -9 - u. Suppose -t = -f - 0*f. What is the highest common factor of f and 9?
9
Suppose 0 = -3*l + 2 + 10. Suppose 4*h = 2*w - 78 + 14, 32 = w + 2*h. What is the highest common divisor of l and w?
4
Let b = 86 + -14. Calculate the greatest common factor of 108 and b.
36
Suppose -x = 3*x - 16, -2*x - 2 = -2*p. Suppose 2*y = 115 - 25. What is the greatest common factor of y and p?
5
Let g(o) be the first derivative of -12*o**2 + 2. Let s(q) = -168*q. Let z(a) = 20*g(a) - 3*s(a). Let h be z(2). What is the greatest common divisor of 8 and h?
8
Suppose -4*u + 8*u = 12. Suppose u*c = -57 + 267. Calculate the greatest common factor of c and 7.
7
Suppose -3*o + 28 = -26. Calculate the highest common factor of 2 and o.
2
Let k be (-8)/16 + (-7)/(-2). Suppose a + k = 2*a. Suppose a*i + 4 = 6*i - 5*x, 4*i = -4*x + 48. Calculate the highest common factor of 24 and i.
8
Suppose s = -4*w + 36, -3*s + 153 = -0*s + 3*w. Suppose 3*v - s = -v. Let g be 1 + -1 + 3*v. Calculate the greatest common factor of 6 and g.
6
Let x = -29 + 137. Let a(b) = 13*b + 4. Let c be a(4). Suppose 44 = r + r + 4*i, c = 3*r + 4*i. Calculate the highest common divisor of r and x.
12
Let x be ((-1)/(3/2))/(14/(-42)). What is the highest common factor of x and 6?
2
Suppose 8*d - 4*d = a - 187, 0 = -a - 3*d + 222. Let b be 2*(535/50 + 4/5). Calculate the greatest common factor of a and b.
23
Suppose x + 2 + 3 = 0, -t - 3*x = -120. What is the highest common factor of 15 and t?
15
Let l = 38 + -22. Suppose 2*n - 165 = -w, 0 = 6*w - w - 25. Calculate the greatest common factor of l and n.
16
Suppose 5*r = -3*v + 385, 3*v + 300 = 4*r + 7*v. What is the greatest common factor of r and 10?
10
Let m(a) = a**3 - 4*a**2 - 5*a + 1. Let o be m(5). Let f be ((-18)/12)/(o/(-14)). What is the greatest common divisor of f and 7?
7
Suppose 0*m - 5*m = -15. Suppose 0 = -b - m*i + 34, 51 + 119 = 5*b - 4*i. Calculate the greatest common divisor of 85 and b.
17
Let q = 24 - 14. Let j(k) = k**2 - k - 1. Let p be j(3). Let r = q - p. Calculate the highest common divisor of r and 2.
1
Suppose 0*l - 60 = 3*l. Let x = -78 + 123. Let z = x - l. Calculate the highest common factor of z and 26.
13
Suppose 0 = -3*p - v + 8 + 7, v = 3*p - 21. Let h be ((-8)/6)/(22/(-198)). Calculate the greatest common factor of h and p.
6
Let d(w) = -w**2 - 11*w - 14. Let s be d(-10). Let v be 4/5*(s - -14). Calculate the highest common factor of 88 and v.
8
Let k(f) = -f**3 + f**2 - f - 1. Let p be (-6)/6 - (1 - 3). Let m be p - ((-15)/(-3) - 2). Let r be k(m). Calculate the highest common divisor of 65 and r.
13
Suppose 85 + 47 = 11*n. Suppose -305 = -3*a + 3*h + 31, -208 = -2*a - 2*h. What is the highest common factor of a and n?
12
Let o = -11 + 13. Suppose -2*s - 290 = -4*g, 0*g - o*s + 85 = g. Calculate the highest common divisor of g and 15.
15
Let a(y) = -12*y - 31. Let h be a(-3). What is the greatest common divisor of h and 115?
5
Suppose o = -14 - 9. Let b = -15 - o. What is the greatest common divisor of b and 2?
2
Suppose -2*p - 2 = -22. Calculate the greatest common factor of 70 and p.
10
Let f be (-3 - (-3 + -13)) + 0. What is the greatest common divisor of 143 and f?
13
Let b(o) = o**2 + o + 4. Let a be b(-4). Let l = -340 + 516. Calculate the greatest common factor of a and l.
16
Let h(k) = k - 10. Let p be h(12). Let s(n) = -n**2 + n + 2. Let g be s(p). Suppose -4*t + 6 + 2 = g. What is the highest common factor of 2 and t?
2
Let g = -1 + 1. Suppose g = 2*y + 2*y - 12. Suppose 0 = -2*x + 5*u - 13, 0 = -2*x - 5*u + 4*u + 5. Calculate the greatest common divisor of y and x.
1
Let v be ((-104)/12)/((-4)/6). What is the greatest common factor of v and 65?
13
Let f = 7 + -1. Let s(n) = -n + 9. Let i be s(f). Suppose 0*w + 1 = w + 5*a, 5*w + 4*a = 89. Calculate the greatest common divisor of w and i.
3
Let z = 3 - -2. Calculate the highest common factor of z and 5.
5
Let l be ((-2)/3)/(1/3) + 18. Calculate the greatest common divisor of 208 and l.
16
Let x = 5 + -1. Let b be 66/x*88/12. Calculate the greatest common divisor of 11 and b.
11
Let w(p) = p - 5. Let b be w(8). Let d be 2 + ((-2)/(-2) - b). Suppose -4*o + 7*o - 60 = d. Calculate the greatest common divisor of o and 100.
20
Suppose 3*v = -42 + 393. Calculate the highest common divisor of v and 13.
13
Suppose 2*r - 2 - 2 = 0. Let n be -4 + r - -11*1. Let i be (-108)/8*4/(-6). What is the greatest common factor of n and i?
9
Let p = 65 - 45. What is the highest common divisor of p and 50?
10
Suppose 0 = v - 5*v + 64. Suppose 3*x - 2*i - 14 = 0, -4*i - 24 = -x - 3*x. Let d = 2 + x. Calculate the greatest common divisor of v and d.
4
Suppose -2 = -g - g. Let l(v) = 82*v - 1. Let f be l(g). Calculate the highest common divisor of f and 9.
9
Suppose -j + 2*d = -19, 25 = -5*d - 0*d. Suppose -1 = -y + j. What is the highest common divisor of 10 and y?
10
Let d = 37 - 6. Let m = d + -19. What is the highest common factor of 4 and m?
4
Let a = 8 - -3. What is the greatest common factor of 121 and a?
11
Let v(z) = 4*z - 1. Let u be v(3). Let r be (-4)/18 - (-7637)/63. What is the greatest common factor of r and u?
11
Let l be 14/(-35) + 174/10 + 2. Let j(w) = w**3 + 7*w**2 - 2*w + 5. Let f be j(-7). Calculate the greatest common divisor of f and l.
19
Let c = 3 + 10. Suppose -59 - 58 = -3*w. What is the highest common divisor of c and w?
13
Let w be (960/100)/((-3)/(-40)). What is the highest common factor of 16 and w?
16
Suppose 5*i - 5*w - 67 = 58, 2*i - w - 55 = 0. Let y be (45*(2 + -3))/(-1). Calculate the highest common factor of i and y.
15
Let p be 2/(-12)*-2*36. Calculate the greatest common factor of 30 and p.
6
Let z(m) = m**2 + 2*m + 1. Let a be z(3). What is the greatest common divisor of a and 48?
16
Suppose -5*j - 2*r = -48, -5 + 1 = 4*r. Let y(b) = -b**3 + 4*b**2 - 3*b + 1. Let t be y(3). Let q = 0 + t. Calculate the greatest common divisor of j and q.
1
Let k be 7/(-35) - (-32)/10. Suppose -5 = -4*a - a, k*a - 15 = -3*d. Calculate the highest common factor of d and 20.
4
Let s be (6/(-1))/(1/(-9)). Let d = -6 + -11. Let y = -8 - d. Calculate the highest common divisor of s and y.
9
Suppose 8 = 2*k - 4. Let c = 42 - -24. Calculate the highest common divisor of c and k.
6
Suppose -50 - 136 = 3*y. Let z(k) = -139*k**3 - k**2 + k. Let s be z(1). Let a = y - s. Calculate the highest common factor of a and 11.
11
Let b(x) = x**3 + 2*x - 6*x**3 - 3 + 0*x. Let y be b(2). Let h be (y/(-6))/(2/4). What is the highest common divisor of h and 104?
13
Suppose 5*q - 4*v - 12 = 0, v + 28 = 5*q + 5*v. Calculate the greatest common divisor of q and 44.
4
Let c be 1/((2/(-1))/(-6)). Suppose c*a = 27 + 18. Suppose -5*z = -a, 32 = 5*b - 3*b + 4*z. What is the highest common divisor of b and 5?
5
Suppose 0 = -7*f + 2*f + 260. Let s be (f/10)/((-1)/(-5)). Let z = s + -13. What is the greatest common divisor of z and 26?
13
Let f be 1/(-2) + 20/8. Suppose 0 = -3*k + 4*x + 221, -377 = -5*k - 0*x - f*x. What is the highest common divisor of 30 and k?
15
Let f(n) = 29*n**2 - 2*n + 1. Let p = 5 - 7. Let t be f(p). What is the greatest common divisor of t and 11?
11
Let m = -8 - -24. Suppose -2*t = -16 - m. What is the highest common divisor of 128 and t?
16
Suppose -5*r + 78 = -4*d, 4*r + 12 - 62 = -3*d. What is the greatest common divisor of r and 126?
14
Suppose -8*q + 25 + 23 = 0. What is the greatest common divisor of q and 66?
6
Suppose 7 = l + 3*k, 0 = -5*l + 3*k + 35 + 18. What is the grea